hat is the thousands digit of 3374?
3
What is the units digit of 4658?
8
What is the units digit of 12710?
0
What is the thousands digit of 15591?
5
What is the hundreds digit of 11313?
3
What is the tens digit of 1179?
7
What is the hundreds digit of 12120?
1
What is the units digit of 4977?
7
What is the thousands digit of 40025?
0
What is the hundreds digit of 6161?
1
What is the units digit of 198?
8
What is the tens digit of 60936?
3
What is the units digit of 72816?
6
What is the thousands digit of 2374?
2
What is the tens digit of 337?
3
What is the units digit of 211?
1
What is the thousands digit of 3520?
3
What is the hundreds digit of 3215?
2
What is the thousands digit of 9610?
9
What is the ten thousands digit of 10367?
1
What is the ten thousands digit of 26552?
2
What is the tens digit of 24?
2
What is the units digit of 3964?
4
What is the thousands digit of 5950?
5
What is the thousands digit of 9719?
9
What is the ten thousands digit of 28104?
2
What is the thousands digit of 15898?
5
What is the thousands digit of 8330?
8
What is the hundreds digit of 9815?
8
What is the ten thousands digit of 64770?
6
What is the hundreds digit of 2050?
0
What is the ten thousands digit of 12735?
1
What is the thousands digit of 32745?
2
What is the tens digit of 4055?
5
What is the tens digit of 1696?
9
What is the thousands digit of 22353?
2
What is the tens digit of 32314?
1
What is the ten thousands digit of 95566?
9
What is the thousands digit of 4469?
4
What is the thousands digit of 28674?
8
What is the units digit of 74?
4
What is the tens digit of 570?
7
What is the hundreds digit of 2798?
7
What is the tens digit of 7034?
3
What is the units digit of 139?
9
What is the thousands digit of 24192?
4
What is the tens digit of 111435?
3
What is the tens digit of 3712?
1
What is the units digit of 28715?
5
What is the thousands digit of 5970?
5
What is the units digit of 56652?
2
What is the hundreds digit of 10777?
7
What is the thousands digit of 2541?
2
What is the hundreds digit of 20092?
0
What is the tens digit of 757?
5
What is the thousands digit of 80432?
0
What is the hundreds digit of 88696?
6
What is the hundreds digit of 13404?
4
What is the hundreds digit of 6026?
0
What is the ten thousands digit of 29612?
2
What is the ten thousands digit of 34134?
3
What is the units digit of 1690?
0
What is the units digit of 8916?
6
What is the units digit of 18792?
2
What is the units digit of 535?
5
What is the ten thousands digit of 17681?
1
What is the units digit of 3829?
9
What is the units digit of 1924?
4
What is the units digit of 35784?
4
What is the units digit of 39987?
7
What is the units digit of 237?
7
What is the units digit of 45528?
8
What is the thousands digit of 19227?
9
What is the thousands digit of 6401?
6
What is the hundreds digit of 121186?
1
What is the thousands digit of 15955?
5
What is the thousands digit of 73948?
3
What is the units digit of 736?
6
What is the tens digit of 24895?
9
What is the tens digit of 1022?
2
What is the hundreds digit of 63509?
5
What is the hundreds digit of 865?
8
What is the units digit of 95096?
6
What is the units digit of 130?
0
What is the thousands digit of 25348?
5
What is the tens digit of 3250?
5
What is the thousands digit of 9989?
9
What is the tens digit of 1619?
1
What is the units digit of 3969?
9
What is the hundreds digit of 18407?
4
What is the tens digit of 2422?
2
What is the tens digit of 2920?
2
What is the hundreds digit of 3048?
0
What is the hundreds digit of 17355?
3
What is the tens digit of 7871?
7
What is the hundreds digit of 1220?
2
What is the thousands digit of 17893?
7
What is the units digit of 9089?
9
What is the units digit of 4192?
2
What is the thousands digit of 44076?
4
What is the hundreds digit of 886?
8
What is the hundreds digit of 18110?
1
What is the units digit of 5196?
6
What is the tens digit of 1150?
5
What is the thousands digit of 66908?
6
What is the hundreds digit of 738?
7
What is the units digit of 49760?
0
What is the thousands digit of 22217?
2
What is the units digit of 3766?
6
What is the thousands digit of 22257?
2
What is the thousands digit of 2145?
2
What is the tens digit of 1087?
8
What is the units digit of 3037?
7
What is the units digit of 5914?
4
What is the ten thousands digit of 91867?
9
What is the tens digit of 36963?
6
What is the thousands digit of 5718?
5
What is the thousands digit of 37236?
7
What is the thousands digit of 50366?
0
What is the units digit of 11181?
1
What is the tens digit of 741?
4
What is the hundreds digit of 947?
9
What is the thousands digit of 37656?
7
What is the units digit of 2242?
2
What is the tens digit of 529?
2
What is the hundreds digit of 1588?
5
What is the hundreds digit of 2613?
6
What is the units digit of 1770?
0
What is the units digit of 29?
9
What is the thousands digit of 108560?
8
What is the hundreds digit of 11477?
4
What is the tens digit of 49?
4
What is the ten thousands digit of 30313?
3
What is the hundreds digit of 14585?
5
What is the units digit of 4514?
4
What is the units digit of 514?
4
What is the tens digit of 4962?
6
What is the ten thousands digit of 116562?
1
What is the thousands digit of 12206?
2
What is the hundreds digit of 336?
3
What is the hundreds digit of 16535?
5
What is the units digit of 46172?
2
What is the units digit of 4616?
6
What is the hundreds digit of 1621?
6
What is the hundreds digit of 6083?
0
What is the hundreds digit of 387?
3
What is the units digit of 77?
7
What is the thousands digit of 16917?
6
What is the units digit of 6487?
7
What is the tens digit of 1020?
2
What is the ten thousands digit of 16513?
1
What is the units digit of 628?
8
What is the thousands digit of 5774?
5
What is the thousands digit of 7413?
7
What is the hundreds digit of 3877?
8
What is the tens digit of 5431?
3
What is the tens digit of 12?
1
What is the thousands digit of 46157?
6
What is the hundreds digit of 13258?
2
What is the units digit of 17730?
0
What is the hundreds digit of 2177?
1
What is the units digit of 172670?
0
What is the hundreds digit of 90409?
4
What is the units digit of 5724?
4
What is the units digit of 4288?
8
What is the tens digit of 4088?
8
What is the hundreds digit of 927?
9
What is the units digit of 1825?
5
What is the thousands digit of 64751?
4
What is the thousands digit of 2001?
2
What is the hundreds digit of 737?
7
What is the units digit of 3416?
6
What is the units digit of 740?
0
What is the units digit of 1007?
7
What is the ten thousands digit of 35475?
3
What is the thousands digit of 30194?
0
What is the ten thousands digit of 72947?
7
What is the hundreds digit of 72471?
4
What is the tens digit of 3763?
6
What is the thousands digit of 1214?
1
What is the units digit of 4068?
8
What is the thousands digit of 71657?
1
What is the tens digit of 167051?
5
What is the tens digit of 2551?
5
What is the hundreds digit of 451?
4
What is the hundreds digit of 338?
3
What is the units digit of 310?
0
What is the thousands digit of 31586?
1
What is the hundreds digit of 4075?
0
What is the ten thousands digit of 51389?
5
What is the units digit of 8048?
8
What is the units digit of 16322?
2
What is the tens digit of 671?
7
What is the hundreds digit of 7912?
9
What is the ten thousands digit of 22138?
2
What is the units digit of 177?
7
What is the hundreds digit of 10067?
0
What is the hundreds digit of 2806?
8
What is the units digit of 26387?
7
What is the hundreds digit of 20799?
7
What is the units digit of 25699?
9
What is the hundreds digit of 5023?
0
What is the thousands digit of 1956?
1
What is the tens digit of 345?
4
What is the units digit of 1932?
2
What is the thousands digit of 6241?
6
What is the tens digit of 94052?
5
What is the units digit of 1967?
7
What is the units digit of 173246?
6
What is the hundreds digit of 24103?
1
What is the tens digit of 11504?
0
What is the thousands digit of 85963?
5
What is the thousands digit of 1962?
1
What is the tens digit of 18222?
2
What is the thousands digit of 10125?
0
What is the tens digit of 1369?
6
What is the ten thousands digit of 15130?
1
What is the hundreds digit of 782?
7
What is the hundreds digit of 4342?
3
What is the